ermine k(w).
2
Let x be -4 - (1 + -1 - 1). Let a(i) be the first derivative of -i**2/2 + 2*i - 923. Give a(x).
5
Let l(c) = -4*c - 1. Suppose 4*i + 2*y = 0, y - 3 = 1. Let o be l(i). Let u(b) = -b**2 + 0 + 4*b - 1 - 4 + 4*b. Determine u(o).
2
Let q be (80/(-288) - 4/18)*0. Suppose 11*d - 14*d + 9 = q. Let z(g) = 2*g**2 - g. Calculate z(d).
15
Let q(i) = -2*i + 5. Let v = -470 + 477. Give q(v).
-9
Let r(w) = 60*w**2 - 24*w + 51. Let d(c) = 11*c**2 - 5*c + 10. Let g(k) = -11*d(k) + 2*r(k). Calculate g(6).
-2
Let q = 26 + -21. Suppose -q*j - 12 - 18 = 0. Let h be (-8)/(j/(-3)) - -1. Let y(o) = o**2 + 3*o + 3. What is y(h)?
3
Let g be 1/(-5) - 442/(-85). Let j(p) = 1. Let i(l) = 3*l - 6. Let d(f) = -i(f) - 2*j(f). Calculate d(g).
-11
Let p(k) be the first derivative of 7*k**3/3 + k**2 + 2*k + 9. Give p(-1).
7
Let c(w) be the first derivative of w**4/4 + 10*w**3/3 + 3*w**2/2 + 14*w + 38. Determine c(-10).
-16
Suppose r - 2*m - 2*m = 2, -2*r + 22 = m. Let t(x) = 4*x + 6. Calculate t(r).
46
Let a(c) be the third derivative of c**5/60 + c**4/24 + c**3/6 + 13*c**2. Let o(s) = s - 1. Let n(p) = -a(p) - 4*o(p). Calculate n(-6).
-3
Let f(r) be the third derivative of -1/24*r**4 + 37*r**2 - 5/3*r**3 + 0*r + 0. Calculate f(-6).
-4
Let t(v) be the second derivative of v**3/6 - 9*v**2 + 67*v. Give t(10).
-8
Let m(v) = -3*v**3 + v**2 - v. Let o(q) = 8*q**3 - 4*q**2 + 2*q. Let l(c) = -11*m(c) - 4*o(c). What is l(-5)?
-15
Let j(r) = 26*r. Suppose 69*c - 73 + 4 = 0. Determine j(c).
26
Let n(p) = p**2 - 16*p - 40. Let s(t) = t**2 - 15*t - 45. Let b(j) = -4*n(j) + 3*s(j). Calculate b(20).
5
Let k = 144 + -150. Let a be (-4 - -1)/((-3)/(-12)*k). Let j(l) = -2*l**2 + l. Determine j(a).
-6
Let g(p) = -15*p**2 + p. Let q = -153 + 154. What is g(q)?
-14
Let i = 5 + -8. Let p(z) be the third derivative of -z**5/30 - z**4/12 + z**3/3 + 163*z**2. Give p(i).
-10
Let y(u) = -17. Let p(s) = -12*s + 90. Let h(l) = -p(l) - 5*y(l). Calculate h(1).
7
Let f(m) = -m**2 - 7. Let k(p) = -p - 1. Let o(b) = -f(b) + k(b). Suppose 0 = 2*x + w + 1 + 1, -4*w + 19 = -x. Let y = x + 3. What is o(y)?
6
Let s(d) = -2*d**2 + 3*d. Let h be (-4)/14 - 120/(-28). Suppose 22 = h*c + 6. Let t = 6 - c. Determine s(t).
-2
Let b(o) = -6*o + 2. Suppose 5 = q + 3. Let r be (1 + q)/3 - 3. Let m(p) = 5*p - 1. Let u(j) = r*b(j) - 3*m(j). What is u(-2)?
5
Suppose 0 = -5*o + 52*m - 48*m + 20, 3*m = 4*o - 17. Let q(f) = -2*f + 5. Calculate q(o).
-11
Let k(y) = 4*y**2 - 8*y - 8. Let g(p) = 8*p + 12 + 5 + 9*p - 9*p**2. Let c(d) = 6*g(d) + 13*k(d). Determine c(-2).
-6
Let g(k) = -k**3 - 12*k**2 - 13*k - 16. Let a be g(-11). Let h be (-2)/a + (-200)/(-24). Let w(n) = -n + 8. Calculate w(h).
0
Let l(y) be the first derivative of y**2 - y - 6. Let x(f) = -2*f + 1. Let u(g) = -2*l(g) - 3*x(g). Let d be (-7)/3 - (-6)/(-9). Calculate u(d).
-7
Let u(l) = -l**3 - 2*l**2 + 8*l + 2. Suppose -2*q + 4 = 4*x, -2*x = 3*q + 2*x. What is u(q)?
2
Suppose 5*u - 25 = -5. Let a(s) = -s**2 + 0*s - u*s**2 - s**3 + 3*s + 4. Suppose 2*f - 4 = 4*m - 18, 3*f - m = -16. Give a(f).
-11
Let l(p) = p**2 + p - 1. Suppose -5*x = -5*w - 10, -7 + 2 = 5*x. Let b be l(w). Let o(m) be the first derivative of -m**3/3 + 2*m**2 + 6*m - 8. Determine o(b).
1
Suppose 3*u + 2*u - 40 = 0. Suppose -4*p + u = -4. Let f(c) = -5*c**2 - 2*c**3 + 2*c**p + c**3 + 4*c. What is f(3)?
-6
Let x(i) = i**3 + 6*i**2 + 5*i + 5. Let h = 31 + -26. Suppose -3*c = -3, -h*z + 3 = 2*c + 26. Calculate x(z).
5
Suppose 36*u + 67 = 5*j + 35*u, 0 = 5*j + 5*u - 55. Let s(y) = y**2 - 14*y - 9. Determine s(j).
-22
Let k be (3*2)/(21/(-28)). Let m(f) = -6 + 7*f - 12*f - f**2 - 4*f. Determine m(k).
2
Let w(o) be the second derivative of -o**4/12 + 4*o**2 - 7*o - 2. Calculate w(0).
8
Let q be 0 - (2 - 1 - -1). Let y(s) = 1 + 28*s + 39*s - 65*s - 1. Give y(q).
-4
Let n(v) = -v**2 + 9*v + 9. Suppose 3*k - 24 = -d - 26, 0 = -3*d + 3*k + 42. Give n(d).
-1
Let p(t) = t**2 + 2*t - 5. Let v = 89 - 93. What is p(v)?
3
Let x(v) = v**3 - 9*v**2 + 6*v + 8. Suppose -35*t - 136 = -52*t. What is x(t)?
-8
Let t(z) = 7*z - 23*z - 2 + 8*z + 0*z + 7*z. Give t(1).
-3
Let h(y) = -62*y**3 + y**2 + 7*y**2 - 3*y - 11*y + 3*y**2 + 4 + 63*y**3. Give h(-12).
28
Let j(v) = -v**2 - 6*v + 2. Let z be (-4)/((4 - 0) + (0 - 3)). Let n(p) = -8*p + 2. Let r(w) = z*n(w) + 5*j(w). Determine r(-2).
-22
Let n(y) = y**2 - 3*y + 6. Suppose -5*b + 142 = 2*l, -3*b = 2*b - l - 154. Suppose -4*k = -b + 10. Calculate n(k).
16
Let k(u) be the first derivative of -u**3/3 + 3*u**2 - 13*u - 323. Give k(4).
-5
Let o(k) be the second derivative of 0*k**3 - 3*k + 0*k**2 + 0 + 1/20*k**5 - 1/6*k**4 - 1/360*k**6. Let a(n) be the third derivative of o(n). Determine a(4).
-2
Suppose 2*g = k + k - 2, -g = -2*k + 4. Let b = -24 - -26. Let n(s) = -447 + 0*s**2 - b*s**2 + 449. Calculate n(g).
-6
Let b(t) = t**2 - 2*t - 9. Let l be b(-4). Suppose -y - 1 = 4*g - 13, 0 = -4*y + 5*g - l. Let n(q) = -q - 2 + 2. Calculate n(y).
0
Let u be 1/3*(24 + -3). Let v(j) = -7*j**2 - 4 + 22*j**3 + j - 36*j**3 - 2 + 0 + 15*j**3. Calculate v(u).
1
Let b = -1375 + 1373. Let n(d) = -3*d**3 - d**2 + d - 1. Give n(b).
17
Let c(t) be the second derivative of t**6/720 + t**5/120 + 5*t**4/12 - 25*t. Let d(w) be the third derivative of c(w). What is d(-3)?
-2
Let u(j) = -j**2 - 4*j + 19. Let r be u(-6). Let f(p) = p**2 - 12*p + 4. Calculate f(r).
-31
Let d(l) = 4*l - 2. Suppose -4*u + 3*w + 29 = 0, 0*w + 3*w = 2*u - 13. Calculate d(u).
30
Let x(w) = -w**3 - 6*w**2 - 6*w - 2. Let o be (7 + -8)*5*1. Give x(o).
3
Let n(w) = 7*w + 19. Let k(u) = -u - 8. Let i(g) = -5*k(g) - n(g). Determine i(-10).
41
Let q(d) = 4*d**2 - 7*d + 10. Let g be q(4). Let w = g + -42. Let m(l) = l + 1. Calculate m(w).
5
Let x(f) = -f + 2. Let r(l) = -l**2 - 10*l - 15. Let a be r(-7). Suppose 9*g - a*g = 36. Suppose n + 5*v = -10, 0 = -4*n - 3*v - 11 - g. Calculate x(n).
7
Let p(w) = -2*w**2 + 2*w + 6. Let r be 22/(-7) + (-192)/(-168). Calculate p(r).
-6
Let a(v) = -3*v**2 + 2*v + 1. Suppose 0 = 4*s - 4*z - 3 - 1, 4*z + 12 = 0. What is a(s)?
-15
Let z(m) = 26 - 9 + m - 4 - 3. What is z(-6)?
4
Let y(i) = i**2 + i - 1. Let x(f) = -f - 6*f**2 + 4*f**2 - 5 + 2 - 4*f. Let n(c) = -x(c) - y(c). Calculate n(-6).
16
Let n(q) = 6*q. Suppose -y = 4*x + 2, 0*y - 5*y + 15 = -5*x. Calculate n(x).
-6
Let f(a) = 0*a**3 - 2*a**2 - 4*a**3 + 2*a**3 + a. Suppose 3*x + 6 + 5 = 5*g, -10 = 3*x - 4*g. Give f(x).
6
Suppose 2*q - 18 = -2*x, 11 + 11 = 3*q + 4*x. Suppose 6*y = -q - 16. Let l(k) be the first derivative of k**2/2 + 2. Calculate l(y).
-5
Let t(l) = l**2 + 5*l + 3. Let u be (-1 + -2)*11/(-3). Let g = -7 - 9. Let a = u + g. Determine t(a).
3
Let f(g) = 13*g - 15. Let z(c) = -36*c + 45. Let r(y) = -11*f(y) - 4*z(y). Determine r(11).
-4
Suppose -45 = -l - 4*l. Let n = -7 + l. Suppose t = 4*q + 13, 4*t = n*q + 2*q + 4. Let k(z) = -z**2 - 3*z + 2. Determine k(t).
2
Let r(w) = w**2 + 1. Let l be (-1)/(-1) + (-2175)/15. Let z be 2/17 - l/(-68). Give r(z).
5
Let g(p) = p**2 + 6*p + 5. Let t = -10 + 3. Let k be 4 + t + 1 + -3. Calculate g(k).
0
Let y(b) be the first derivative of b**4/4 + 7*b - 1. Let h = -223 + 223. Determine y(h).
7
Let r(g) = g**2 - 2*g - 3. Let x(p) = -3*p + 1. Let y(i) = -r(i) + x(i). Give y(2).
-2
Let b(t) = t**2 - 3*t + 2. Suppose 0 = -3*q - 4*i + 3, 10*i + 34 = 5*q + 7*i. Determine b(q).
12
Let s(v) = -8*v + 1. Let r(f) = 5*f - 1. Let q(o) = 5*r(o) + 3*s(o). Let h = 5 + -12. Determine q(h).
-9
Suppose -c + 2*w + 9 = 0, 6*c - 2*w = 3*c + 39. Let d = c - 12. Let g(r) = r**2 - 4*r + 3. Determine g(d).
0
Suppose 15*l + 15 = 20*l. Let k(f) = -f - 3*f**2 + 2 - 3 - 2*f**3 - 3*f**3 + 4*f**l. Calculate k(-2).
-3
Let q(l) = l**2 - 4. Let u be ((-2)/4)/((-2)/(-72)). Suppose -13*t = 130 + 156. Let k = t - u. What is q(k)?
12
Let k(v) = v**3 + v - 1. Suppose 45 = 4*g - 7*g. Let b = g - -27. Suppose -b = -4*m - 3*c, 0 = -5*m + 2*m - 2*c + 8. Calculate k(m).
-1
Let b(m) = 5*m + 11 + 2 - 4*m. Let c(k) = k**2 - k - 7. Let i(x) = x**2 - 2*x - 8. Let g(h) = -5*c(h) + 4*i(h). Let f be g(-5). Give b(f).
6
Let l(v) be the first derivative of -1/4*v**4 + 0*v**3 + 2*v**2 - 14 - 3*v. Determine l(2).
-3
Let u(j) = -2*j + 8. Let x(y) = 19*y**2 + 11*y - 1. Let h be x(-1). Determine u(h).
-6
Suppose -4*c + 3*c = 2. Let r be (